818 a multiple of 150?
False
Is 22 a factor of 132?
True
Is 40 a multiple of 6?
False
Is 187 a factor of 1249?
False
Is 18 a factor of 1980?
True
Is 11776 a multiple of 16?
True
Is 5 a factor of 40?
True
Does 88 divide 46400?
False
Is 4 a factor of 156?
True
Does 23 divide 12561?
False
Is 4 a factor of 5940?
True
Is 22 a factor of 785?
False
Is 22221 a multiple of 98?
False
Does 57 divide 27979?
False
Does 132 divide 31177?
False
Does 11 divide 58652?
True
Is 24 a factor of 35498?
False
Is 528 a multiple of 8?
True
Does 45 divide 6798?
False
Does 59 divide 2024?
False
Is 61556 a multiple of 10?
False
Is 90 a factor of 17422?
False
Is 12 a factor of 612?
True
Does 8 divide 1058?
False
Is 148 a multiple of 6?
False
Is 3 a factor of 124?
False
Is 10 a factor of 258?
False
Is 83 a factor of 498?
True
Does 5 divide 1801?
False
Is 12 a factor of 4092?
True
Does 46 divide 5121?
False
Is 25 a factor of 104250?
True
Does 8 divide 12120?
True
Is 7 a factor of 294?
True
Does 37 divide 296?
True
Does 31 divide 5866?
False
Does 13 divide 63732?
False
Is 1005 a multiple of 54?
False
Is 15 a factor of 4035?
True
Is 138 a multiple of 46?
True
Does 131 divide 12728?
False
Is 19 a factor of 19257?
False
Does 20 divide 21587?
False
Is 5 a factor of 76?
False
Does 54 divide 1026?
True
Does 7 divide 335?
False
Is 12 a factor of 109956?
True
Does 123 divide 92664?
False
Does 3 divide 313?
False
Does 113 divide 4746?
True
Is 205 a multiple of 17?
False
Is 232 a multiple of 2?
True
Is 12250 a multiple of 14?
True
Does 28 divide 8597?
False
Is 8880 a multiple of 6?
True
Is 45 a factor of 796?
False
Does 13 divide 195?
True
Is 2339 a multiple of 21?
False
Is 194 a multiple of 75?
False
Is 91 a multiple of 91?
True
Is 1562 a multiple of 11?
True
Does 2 divide 2014?
True
Is 545 a multiple of 10?
False
Does 50 divide 5550?
True
Is 414 a multiple of 18?
True
Is 6 a factor of 8658?
True
Is 45195 a multiple of 23?
True
Is 129 a factor of 4386?
True
Is 28 a factor of 2660?
True
Is 288 a multiple of 3?
True
Is 4639 a multiple of 73?
False
Is 6468 a multiple of 132?
True
Is 7463 a multiple of 17?
True
Is 127 a factor of 12835?
False
Does 48 divide 912?
True
Does 51 divide 357?
True
Is 12 a factor of 180?
True
Is 22690 a multiple of 212?
False
Is 91534 a multiple of 252?
False
Does 11 divide 52778?
True
Does 188 divide 14476?
True
Is 106956 a multiple of 36?
True
Does 82 divide 89?
False
Is 4 a factor of 141?
False
Is 1808 a multiple of 90?
False
Is 850 a multiple of 8?
False
Is 746 a multiple of 24?
False
Is 343 a factor of 65170?
True
Is 168 a multiple of 12?
True
Is 3190 a multiple of 32?
False
Does 32 divide 11034?
False
Does 14 divide 8407?
False
Does 2 divide 562?
True
Is 14 a factor of 11004?
True
Does 25 divide 6175?
True
Is 29 a factor of 928?
True
Is 89 a factor of 56707?
False
Is 3720 a multiple of 20?
True
Is 57 a factor of 114?
True
Is 2745 a multiple of 6?
False
Does 9 divide 5454?
True
Is 8376 a multiple of 141?
False
Is 6670 a multiple of 4?
False
Is 15 a factor of 873?
False
Does 14 divide 1410?
False
Is 35 a factor of 700?
True
Is 3 a factor of 839?
False
Is 96 a factor of 49152?
True
Does 22 divide 6138?
True
Is 37 a factor of 851?
True
Is 6 a factor of 657?
False
Does 7 divide 46821?
False
Is 3 a factor of 489?
True
Is 10 a factor of 39?
False
Does 20 divide 1543?
False
Does 6 divide 108?
True
Is 855 a multiple of 19?
True
Is 32 a factor of 64?
True
Is 323 a multiple of 6?
False
Is 22 a factor of 76354?
False
Is 635 a multiple of 42?
False
Is 728 a multiple of 26?
True
Is 69 a factor of 48645?
True
Is 649 a multiple of 55?
False
Does 51 divide 61659?
True
Is 35 a multiple of 3?
False
Does 31 divide 4061?
True
Does 7 divide 274?
False
Does 86 divide 2580?
True
Does 242 divide 5768?
False
Is 30 a factor of 1682?
False
Is 32 a factor of 1888?
True
Does 13 divide 84385?
False
Does 17 divide 132410?
False
Is 57 a factor of 3249?
True
Is 58 a factor of 2154?
False
Is 34 a multiple of 20?
False
Is 83 a factor of 47227?
True
Is 9296 a multiple of 22?
False
Is 1128 a multiple of 47?
True
Does 3 divide 897?
True
Is 12662 a multiple of 113?
False
Is 299 a multiple of 12?
False
Is 23309 a multiple of 69?
False
Is 33 a factor of 1815?
True
Is 919 a multiple of 96?
False
Is 152 a factor of 9791?
False
Is 3931 a multiple of 155?
False
Does 37 divide 499?
False
Is 78 a factor of 27534?
True
Is 2310 a multiple of 43?
False
Is 418 a multiple of 2?
True
Is 84 a factor of 3612?
True
Does 33 divide 29964?
True
Is 107274 a multiple of 39?
False
Is 1015 a multiple of 35?
True
Is 29728 a multiple of 20?
False
Is 5866 a multiple of 30?
False
Is 27 a factor of 72348?
False
Does 13 divide 125684?
True
Does 13 divide 22348?
False
Is 930 a multiple of 9?
False
Does 27 divide 1539?
True
Does 19 divide 3816?
False
Does 34 divide 413?
False
Is 7 a factor of 1260?
True
Is 144 a factor of 50400?
True
Is 6 a factor of 3798?
True
Is 3612 a multiple of 12?
True
Does 10 divide 903?
False
Is 13 a factor of 14243?
False
Is 35 a factor of 1181?
False
Is 5 a factor of 539?
False
Does 48 divide 646?
False
Is 4 a factor of 100?
True
Is 4262 a multiple of 12?
False
Is 116 a factor of 4082?
False
Does 2 divide 23?
False
Is 6840 a multiple of 29?
False
Is 563 a multiple of 11?
False
Is 57728 a multiple of 198?
False
Does 3 divide 15165?
True
Does 61 divide 1037?
True
Does 7 divide 2338?
True
Is 14 a factor of 15582?
True
Does 56 divide 12376?
True
Is 301 a multiple of 25?
False
Is 20778 a multiple of 19?
False
Does 39 divide 195?
True
Does 6 divide 642?
True
Is 224 a multiple of 4?
True
Is 27 a factor of 37611?
True
Is 59 a factor of 2515?
False
Is 78 a multiple of 13?
True
Is 82 a factor of 1148?
True
Is 50 a factor of 19143?
False
Is 13 a factor of 333?
False
Is 1050 a multiple of 75?
True
Is 30 a factor of 25075?
False
Is 3315 a multiple of 65?
True
Does 132 divide 7524?
True
Does 54 divide 756?
True
Is 640 a multiple of 10?
True
Does 5 divide 127?
False
Is 11640 a multiple of 33?
False
Is 3432 a multiple of 44?
True
Is 5 a factor of 7061?
False
Is 534 a multiple of 12?
False
Does 9 divide 1412?
False
Is 19051 a multiple of 5?
False
Is 62 a multiple of 62?
True
Does 12 divide 50412?
True
Does 52 divide 1300?
True
Is 1132 a multiple of 7?
False
Is 9 a factor of 20673?
True
Is 52 a factor of 13649?
False
Is 55 a factor of 680?
False
Is 47 a multiple of 2?
False
Is 3738 a multiple of 14?
True
Is 623 a multiple of 7?
True
Is 6 a factor of 2556?
True
Is 30946 a multiple of 261?
False
Does 7 divide 343?
True
Is 64 a factor of 10688?
True
Is 70653 a multiple of 13?
False
Is 232 a multiple of 8?
True
Does 14 divide 2170?
True
Is 10 a factor of 212?
False
Does 18 divide 1638?
True
Is 35784 a multiple of 12?
True
Is 7284 a multiple of 6?
True
Does 15 divide 10159?
False
Is 10 a factor of 1953?
False
Is 863 a multiple of 105?
False
Does 14 divide 7480?
False
Is 107 a factor of 2080?
False
Is 6041 a multiple of 20?
False
Does 11 divide 22861?
False
Does 17 divide 569?
False
Is 18183 a multiple of 33?
True
Is 264 a factor of 42768?
True
Does 35 divide 915?
False
Is 1122 a multiple of 68?
False
Is 43 a factor of 28309?
False
Is 801 a multiple of 9?
True
Is 19 a factor of 9808?
False
Does 18 divide 2538?
True
Is 59 a factor of 29028?
True
Is 53 a factor of 2083?
False
Is 1462 a multiple of 17?
True
Is 14 a factor of 52421?
False
Does 107 divide 2247?
True
Is 5 a factor of 1444?
False
Is 14 a factor of 1764?
True
Does 77 divide 219?
False
Is 388 a multiple of 4?
True
Is 1962 a multiple of 33?
False
Does 38 divide 109057?
False
Does 16 divide 3792?
True
Is 8752 a multiple of 287?
False
Is 135 a factor of 8100?
True
Is 123 a factor of 11808?
True
Does 148 divide 12580?
True
Is 1183 a multiple of 2?
False
Does 3 divide 656?
False
Does 14 divide 21779?
False
Is 19402 a multiple of 30?
False
Does 52 divide 890?
False
Does 3 divide 22?
False
Does 14 divide 14672?
True
Is 975 a multiple of 13?
True
Is 9 a factor of 3204?
True
Is 17 a factor of 5083?
True
Does 21 divide 1215?
False
Is 81 a factor of 2979?
False
Is 630 a multiple of 10?
True
Is 4 a factor of 328?
True
Is 992 a multiple of 4?
True
Is 34 a factor of 8874?
True
Does 17 divide 5032?
True
Is 249 a multiple of 9?
False
Is 12 a factor of 7362?
False
Does 6 divid